?
3, 137, 518171
List the prime factors of 255170690.
2, 5, 2221, 11489
List the prime factors of 829136006.
2, 487, 859, 991
List the prime factors of 21874821.
3, 7291607
List the prime factors of 969728286.
2, 3, 131, 1233751
List the prime factors of 3496596571.
13, 2017, 133351
List the prime factors of 543891933.
3, 13, 241, 19289
What are the prime factors of 120896297?
19, 971, 6553
List the prime factors of 252865413.
3, 29, 43, 22531
What are the prime factors of 135523493?
7, 397, 48767
What are the prime factors of 107388159?
3, 35796053
List the prime factors of 49809635.
5, 9961927
What are the prime factors of 101597013?
3, 7, 31, 52021
List the prime factors of 215741735.
5, 11, 3922577
List the prime factors of 76630389.
3, 11, 379, 557
List the prime factors of 314044246.
2, 1663, 94421
List the prime factors of 1343844991.
1343844991
List the prime factors of 5007676014.
2, 3, 11, 1327, 6353
List the prime factors of 974866762.
2, 47, 10370923
List the prime factors of 68123617.
311, 317, 691
List the prime factors of 52903734.
2, 3, 13, 678253
List the prime factors of 582225973.
7, 31, 557, 4817
List the prime factors of 648084819.
3, 216028273
List the prime factors of 1096842249.
3, 3329, 12203
List the prime factors of 2631788193.
3, 29, 53, 113, 5051
What are the prime factors of 21146971?
21146971
List the prime factors of 438708553.
12983, 33791
List the prime factors of 208060066.
2, 104030033
What are the prime factors of 45275878?
2, 4733, 4783
What are the prime factors of 7869303091?
13, 29, 20873483
What are the prime factors of 1251017895?
3, 5, 607, 137399
What are the prime factors of 32009123?
23, 1391701
List the prime factors of 109705185.
3, 5, 37, 7321
List the prime factors of 4435597915.
5, 7, 41, 3091009
What are the prime factors of 82000892?
2, 20500223
List the prime factors of 716210561.
11, 17, 3830003
What are the prime factors of 1298237279?
53, 83, 421, 701
List the prime factors of 67380048.
2, 3, 79, 5923
List the prime factors of 58404844.
2, 787, 18553
List the prime factors of 147605975.
5, 11, 536749
What are the prime factors of 131419220?
2, 5, 6570961
What are the prime factors of 110381675?
5, 311, 14197
What are the prime factors of 26159929?
2333, 11213
What are the prime factors of 2792788899?
3, 251, 3708883
What are the prime factors of 4642888670?
2, 5, 7, 9475283
List the prime factors of 46566028.
2, 701, 16607
What are the prime factors of 1822506553?
7, 260358079
What are the prime factors of 336232073?
71, 317, 14939
What are the prime factors of 1215167395?
5, 13, 17, 23, 137, 349
What are the prime factors of 120904146?
2, 3, 11, 23, 139, 191
What are the prime factors of 93087864?
2, 3, 1292887
List the prime factors of 15847692.
2, 3, 7, 37, 5099
List the prime factors of 103108923.
3, 73, 52313
What are the prime factors of 857894059?
11, 83, 11321
List the prime factors of 304898533.
107, 2849519
List the prime factors of 77912420.
2, 5, 991, 3931
What are the prime factors of 74853137?
67, 383, 2917
What are the prime factors of 211147043?
317, 666079
What are the prime factors of 96270339?
3, 11, 367, 7949
What are the prime factors of 28890084?
2, 3, 2407507
What are the prime factors of 672808924?
2, 19, 53, 167033
What are the prime factors of 146264870?
2, 5, 1777, 8231
List the prime factors of 5987013.
3, 179, 11149
List the prime factors of 10707218.
2, 5353609
List the prime factors of 216176496.
2, 3, 37, 121721
List the prime factors of 1907844502.
2, 953922251
List the prime factors of 61996165.
5, 7, 11, 14639
What are the prime factors of 83275177?
227, 366851
What are the prime factors of 38628888?
2, 3, 37, 41, 1061
What are the prime factors of 78386323?
23, 373, 9137
What are the prime factors of 72443026?
2, 36221513
What are the prime factors of 6972321882?
2, 3, 1162053647
What are the prime factors of 1038164622?
2, 3, 11, 263, 59809
What are the prime factors of 2487104794?
2, 17, 83, 881327
What are the prime factors of 138023536?
2, 7, 1232353
What are the prime factors of 1870078651?
7, 267154093
What are the prime factors of 90633283?
13, 6971791
What are the prime factors of 636150971?
307, 2072153
List the prime factors of 1441042869.
3, 7, 157, 437077
What are the prime factors of 79568746?
2, 39784373
What are the prime factors of 247266237?
3, 82422079
What are the prime factors of 597096220?
2, 5, 7, 79, 53987
What are the prime factors of 7167494040?
2, 3, 5, 7, 2659, 3209
List the prime factors of 33445509.
3, 11148503
What are the prime factors of 586228920?
2, 3, 5, 1499, 3259
What are the prime factors of 297827927?
97, 3070391
What are the prime factors of 83115887?
83115887
What are the prime factors of 867528415?
5, 13, 823, 16217
What are the prime factors of 393586245?
3, 5, 13, 173, 3889
What are the prime factors of 432449621?
17, 25438213
What are the prime factors of 4734955684?
2, 41, 28871681
List the prime factors of 325841108.
2, 17, 19, 107, 2357
What are the prime factors of 586723673?
4219, 139067
List the prime factors of 655526301.
3, 218508767
List the prime factors of 3869199439.
7, 17, 53, 61, 89, 113
List the prime factors of 55556137.
7, 13, 53, 11519
List the prime factors of 1825137498.
2, 3, 3049, 99767
List the prime factors of 114958911.
3, 19, 2016823
What are the prime factors of 5111727855?
3, 5, 13, 26213989
What are the prime factors of 168882109?
11, 29, 529411
List the prime factors of 512649272.
2, 941, 68099
What are the prime factors of 2815633818?
2, 3, 52141367
What are the prime factors of 55928996?
2, 311, 44959
List the prime factors of 801621821.
7, 11, 13, 233, 491
List the prime factors of 432941721.
3, 144313907
List the prime factors of 950942481.
3, 17, 61, 5011
What are the prime factors of 115460119?
115460119
What are the prime factors of 205700748?
2, 3, 11, 17, 31, 2957
List the prime factors of 1148595720.
2, 3, 5, 9571631
What are the prime factors of 153192767?
7, 13, 240491
List the prime factors of 700318473.
3, 19, 12286289
List the prime factors of 195127100.
2, 5, 7, 278753
List the prime factors of 1151129942.
2, 17, 769, 44027
List the prime factors of 226324571.
11, 97, 1753
What are the prime factors of 26830902?
2, 3, 7, 137, 4663
What are the prime factors of 801235697?
801235697
What are the prime factors of 1049721985?
5, 13, 379, 42611
What are the prime factors of 320134903?
11, 2645743
List the prime factors of 75910168.
2, 17, 19, 29, 1013
What are the prime factors of 126714093?
3, 11, 317, 12113
List the prime factors of 112264262.
2, 11, 67, 76163
List the prime factors of 34642551.
3, 67, 172351
What are the prime factors of 219291203?
219291203
What are the prime factors of 268708185?
3, 5, 221159
What are the prime factors of 3248278250?
2, 5, 7, 1856159
List the prime factors of 25718231.
7, 11, 569, 587
List the prime factors of 1154252409.
3, 233, 1651291
List the prime factors of 218709386.
2, 7, 17, 918947
What are the prime factors of 175735453?
43, 59, 113, 613
What are the prime factors of 1260938621?
4561, 276461
List the prime factors of 246553406.
2, 11, 11206973
What are the prime factors of 1360737730?
2, 5, 11, 23, 537841
What are the prime factors of 131098461?
3, 13, 19, 176921
What are the prime factors of 234489218?
2, 117244609
List the prime factors of 55718947.
29, 109, 17627
List the prime factors of 10074278.
2, 337, 14947
List the prime factors of 5395385626.
2, 59, 45723607
What are the prime factors of 1034260243?
1034260243
What are the prime factors of 1237439241?
3, 487, 94109
List the prime factors of 6238669149.
3, 693185461
List the prime factors of 387941642.
2, 11, 29, 461, 1319
List the prime factors of 1212100926.
2, 3, 163, 1239367
What are the prime factors of 2296367607?
3, 19, 40287151
List the prime factors of 86557426.
2, 19, 2277827
List the prime factors of 153658831.
5413, 28387
What are the prime factors of 767308948?
2, 7, 27403891
What are the prime factors of 3505531167?
3, 179, 2175997
List the prime factors of 16994235.
3, 5, 1132949
What are the prime factors of 780606368?
2, 83, 3541
What are the prime factors of 406902246?
2, 3, 23, 37, 79691
List the prime factors of 3038616312.
2, 3, 17, 7